 common divisor of a and 22?
11
Suppose 0 = 4*i - 0*n + 3*n - 237, -273 = -5*i + 4*n. Suppose 42 = 3*v - i. Calculate the highest common factor of 3 and v.
3
Let f = 5 - 5. Suppose 3*d - 192 = i, f = -4*d - i + 3*i + 256. Suppose d = 2*a - a. What is the greatest common factor of 8 and a?
8
Let h be -7*(37/(-7) - -1). Let m = -5 + 11. Calculate the highest common factor of m and h.
6
Suppose 56 = 2*v - 0*v. Calculate the highest common divisor of v and 28.
28
Let q = 420 - 396. Let n = 6 + -4. Suppose n*y - 13 = 3. What is the greatest common divisor of y and q?
8
Suppose -7 = -2*q - 3. Let i be ((-2)/3)/(q/(-51)). Calculate the highest common divisor of i and 17.
17
Let r(u) = 7*u**2 + 2*u + 6. Let d be r(-3). What is the greatest common factor of 7 and d?
7
Let y(x) = -2*x - 4. Let u be y(-3). Suppose -s - 28 = -u*s. What is the greatest common divisor of 70 and s?
14
Let n(y) be the second derivative of y**4/4 + 2*y**3/3 + 5*y**2/2 - 4*y. Let p be n(4). Calculate the highest common divisor of p and 23.
23
Let o(b) = b - 14. Let y be o(8). Let c(v) = -2*v - 3 - v - 1. Let k be c(y). What is the greatest common divisor of k and 70?
14
Suppose -v + 3*v = 22. Let f(t) = -6*t - 22. Let y(a) = 12*a + 43. Let n(m) = 5*f(m) + 3*y(m). Let l be n(6). Calculate the greatest common divisor of v and l.
11
Suppose 0 = -4*q + 10 + 50. Calculate the greatest common divisor of q and 105.
15
Let o be 24/(-4)*10/(-3). Suppose 0 = 3*d - 4*d + 3*p + 38, 58 = d + 2*p. What is the highest common factor of d and o?
10
Suppose -100 = -2*f - 2*f. Let i = 7 + -4. Let z be 5/(2 - i/2). What is the greatest common factor of f and z?
5
Suppose -z + 4*s = s - 6, -5*z - 4*s = -68. What is the highest common factor of z and 48?
12
Let u(t) = -7*t + 55. Let b be u(6). Calculate the highest common factor of b and 91.
13
Suppose 158 = 4*f - 5*l + 11, 3*f = 3*l + 108. Let d be 7*f/3*1. Calculate the highest common divisor of d and 11.
11
Let f = 68 - 55. Calculate the greatest common factor of 39 and f.
13
Suppose 5*r + 0*r = 35. What is the highest common factor of 14 and r?
7
Suppose 0 = y - 4*f - 4, -3*f = -5*y - f + 56. What is the highest common factor of 36 and y?
12
Let h be (-4)/(-2 - (-2)/(12/9)). What is the highest common factor of h and 64?
8
Let i = 55 - 39. Suppose -8*n = -4*n - 384. Suppose -4*k = -k - n. Calculate the highest common factor of k and i.
16
Suppose 16 = 2*s + 2*a - 10, -5*a - 88 = -4*s. Let u(z) = 3*z**2 + 2*z + 1. Let n be u(3). What is the greatest common factor of n and s?
17
Let h be ((-10)/(-25) - 136/(-10)) + -2. Calculate the greatest common divisor of h and 42.
6
Suppose 4*l - 2*g = -0*l + 32, 0 = -2*l + 4*g + 22. Let r = -5 + l. What is the greatest common factor of 14 and r?
2
Let s be (2/3)/((-3)/(-9)). Let m be s/4 - 51/(-6). Let d = 3 + m. What is the highest common divisor of d and 8?
4
Let z(r) = r**3 + 3*r**2 - 6*r - 5. Let f be z(-4). Suppose 5*o = -f*d + 160 + 365, 0 = 4*o + 4*d - 412. Calculate the highest common factor of 12 and o.
12
Let w be 15/(-25) + 365/25. Calculate the greatest common factor of w and 21.
7
Suppose b - 76 = -4*m, -m + 4 = -1. Let u be b/6 - (-1)/(-3). Calculate the highest common divisor of u and 45.
9
Suppose -2137 - 663 = -10*u. Calculate the highest common factor of u and 35.
35
Let d(w) = -12*w. Let y be d(-2). Let h(n) = 36*n**3 + n**2 - 2*n + 1. Let m be (-5)/(-2)*4/10. Let g be h(m). What is the greatest common divisor of y and g?
12
Suppose -4*r = 4*p - 776, -1 = -2*r + 3*r. Let d = -45 + p. What is the greatest common factor of d and 60?
30
Let m = 16 - 7. Let g = 2 + 1. Calculate the greatest common factor of g and m.
3
Suppose 2*p = -n + 262, 5*p - 2*n + 5*n = 654. Let c be ((-46)/4)/((-1)/2). Let q = c + -11. What is the greatest common divisor of q and p?
12
Suppose -3*i + 6*i - 9 = 0. Let r be i*1*120/18. Calculate the highest common divisor of 8 and r.
4
Suppose -2*j + 48 = j. What is the highest common divisor of j and 16?
16
Let o(d) be the first derivative of 11*d**3/3 - d**2/2 + 2*d + 4. Let t be o(2). What is the highest common divisor of t and 4?
4
Let v(l) = l**3 + 8*l**2 + 7*l + 10. Let a be v(-7). Let q be 1*(0 - -1)*a. Let w be (16/q)/((-2)/(-5)). What is the greatest common factor of w and 8?
4
Suppose 4*m - 3*m - 135 = 0. Suppose 0 = 2*p + 3*p - m. Suppose k = -7 + p. What is the highest common factor of 8 and k?
4
Let b(k) = 4*k**2 + 13*k. Let o be b(-4). What is the greatest common factor of o and 24?
12
Suppose -21 = 5*a - m - 55, 5*a = -5*m + 40. Calculate the greatest common divisor of 42 and a.
7
Let c = 10 - -70. Suppose 0 = -t - 3*t + c. What is the greatest common factor of 40 and t?
20
Suppose -3*g - 2*g - 200 = -2*n, 5*n + 2*g = 442. Calculate the greatest common factor of n and 10.
10
Let d = 19 + -9. Let x be (-3 - -1)*(-15)/d. Calculate the highest common factor of x and 27.
3
Let s be 7 - 2/4*2. Let m(a) = -a**3 + 3*a - 4. Let w = -9 - -5. Let y be m(w). Calculate the highest common factor of y and s.
6
Suppose -3*v + 5*v - 326 = s, 5*s = v - 154. What is the highest common factor of v and 41?
41
Let x = -3 + 1. Let b be x/5*(-41 + -4). Calculate the highest common divisor of b and 9.
9
Suppose 0 = -s + 6*s. Suppose 0 = -s*c - 4*c, 0 = z - 4*c - 2. Let y(j) = 2*j**2 + 2. Let t be y(z). Calculate the greatest common factor of 15 and t.
5
Suppose -32 = -5*c + 8. Let s(k) = -k**3 + 3*k**2 - k - 2. Let y be s(2). Suppose y = -4*a - a + 360. Calculate the highest common factor of a and c.
8
Let p be 3 + (2 + -1 - 8). Let b(n) = n**3 + 5*n**2 + 5*n + 6. Let d be b(p). Let k = d - 0. What is the greatest common divisor of 1 and k?
1
Let t = -170 + 239. What is the highest common factor of t and 46?
23
Let p = 26 + -38. Let b = p - -28. Suppose d - b = -3*r + 12, 52 = 4*r + 5*d. Calculate the greatest common factor of 80 and r.
8
Suppose -52 - 268 = -10*z. Calculate the highest common divisor of z and 80.
16
Let f = 8 + 7. Suppose 4*m = -m + f. What is the greatest common divisor of m and 27?
3
Suppose -4*c = -n + 35 + 63, n - 97 = 5*c. Let j(a) = -a**3 + 7*a**2 + 3*a - 4. Let i be j(7). Calculate the greatest common divisor of i and n.
17
Let l(h) = h**3 - h**2 + h + 2. Let f be l(0). Let a be (9 - 2) + (2 - 3). Calculate the highest common divisor of f and a.
2
Let t(p) = 6*p**2 + 3. Let o be t(4). Calculate the highest common factor of o and 11.
11
Let l(c) = c**3 + 8*c**2 + 3*c - 1. Let g = -13 + 6. Let b be l(g). Calculate the greatest common factor of b and 9.
9
Suppose -4*x + j + 0*j = -119, 4 = 4*j. Calculate the greatest common factor of 10 and x.
10
Let f = 16 - 9. Let k = f + 5. What is the highest common factor of 12 and k?
12
Let o = 595 - 882. Let a = o - -507. Let c = -12 + 32. What is the highest common factor of a and c?
20
Let o be -2 - ((-12)/4 + -23). Calculate the highest common factor of 3 and o.
3
Let d be 1 + (-4)/(-2) + -12. Let n be d/(1/9*-1). Let b be 0 + -2 + 12 + -1. Calculate the greatest common factor of b and n.
9
Let c be 1 + -3 + -9 + 32. Suppose 2*h + w - c = 0, -h + 0*w - 3*w + 13 = 0. What is the greatest common divisor of 10 and h?
10
Let z(y) = 34*y + 3. Let m be z(3). Suppose -5*b + 2*b = 6. Let o be b - -18 - (1 - 0). What is the greatest common divisor of m and o?
15
Let s be -6 + 3 + 4 - -20. What is the greatest common divisor of s and 231?
21
Suppose 2*a + 3*a = 0. Suppose k - 2 - 2 = a. Calculate the highest common factor of k and 44.
4
Let z(y) be the third derivative of y**5/60 + y**4/4 + 4*y**3/3 + y**2. Let x be z(-6). Calculate the greatest common divisor of 24 and x.
8
Suppose -27*b + 12 = -26*b. Suppose -3*v + 21 = -0*v - 3*f, -2*f - 2 = 0. What is the highest common divisor of b and v?
6
Let n(h) = -10*h - 7. Let k be n(-1). Suppose a = 3*a - 5*g + 35, 5*a - g + 99 = 0. Let y = 29 + a. What is the highest common factor of y and k?
3
Let d(w) = -3*w + 4. Let y be d(-3). Suppose y + 14 = 3*g. Let f be 66/g*(-3)/(-2). What is the highest common factor of f and 11?
11
Let n be 4 - (1 + -3 + 3). Let k = -69 - -133. Suppose -3*h + k = -5*v, -n*v + v + 55 = 5*h. What is the highest common divisor of 65 and h?
13
Let n(w) = -w + 8. Suppose 3*i = -i. Let s be n(i). Suppose 4*z + 10 = -4*p + 126, -p - 4*z = -20. Calculate 